he remainder when 195 is divided by 30?
15
Calculate the remainder when 73 is divided by 27.
19
Calculate the remainder when 57 is divided by 17.
6
Calculate the remainder when 169 is divided by 24.
1
What is the remainder when 260 is divided by 243?
17
What is the remainder when 60 is divided by 11?
5
Calculate the remainder when 769 is divided by 159.
133
What is the remainder when 780 is divided by 28?
24
What is the remainder when 260 is divided by 12?
8
What is the remainder when 9955 is divided by 17?
10
What is the remainder when 64 is divided by 13?
12
Calculate the remainder when 1780 is divided by 54.
52
Calculate the remainder when 107 is divided by 19.
12
Calculate the remainder when 850 is divided by 55.
25
What is the remainder when 386 is divided by 64?
2
Calculate the remainder when 32 is divided by 21.
11
What is the remainder when 837 is divided by 213?
198
Calculate the remainder when 214 is divided by 56.
46
Calculate the remainder when 492 is divided by 21.
9
What is the remainder when 107 is divided by 14?
9
What is the remainder when 141 is divided by 16?
13
What is the remainder when 2956 is divided by 296?
292
What is the remainder when 1699 is divided by 20?
19
What is the remainder when 1056 is divided by 151?
150
What is the remainder when 19 is divided by 11?
8
What is the remainder when 55 is divided by 2?
1
What is the remainder when 3298 is divided by 62?
12
Calculate the remainder when 90 is divided by 25.
15
What is the remainder when 60 is divided by 11?
5
What is the remainder when 910 is divided by 15?
10
Calculate the remainder when 110 is divided by 38.
34
Calculate the remainder when 396 is divided by 9.
0
Calculate the remainder when 35 is divided by 19.
16
Calculate the remainder when 1043 is divided by 270.
233
Calculate the remainder when 5343 is divided by 29.
7
Calculate the remainder when 9549 is divided by 6.
3
What is the remainder when 672 is divided by 99?
78
Calculate the remainder when 9026 is divided by 10.
6
What is the remainder when 818 is divided by 23?
13
Calculate the remainder when 372 is divided by 22.
20
Calculate the remainder when 372 is divided by 20.
12
Calculate the remainder when 1806 is divided by 362.
358
Calculate the remainder when 242 is divided by 153.
89
What is the remainder when 215 is divided by 57?
44
What is the remainder when 11130 is divided by 23?
21
What is the remainder when 2829 is divided by 920?
69
Calculate the remainder when 5885 is divided by 64.
61
Calculate the remainder when 1225 is divided by 62.
47
Calculate the remainder when 22174 is divided by 21.
19
Calculate the remainder when 1573 is divided by 3.
1
What is the remainder when 11 is divided by 3?
2
Calculate the remainder when 1961 is divided by 131.
127
Calculate the remainder when 153 is divided by 70.
13
What is the remainder when 211 is divided by 33?
13
What is the remainder when 52 is divided by 15?
7
What is the remainder when 20802 is divided by 293?
292
Calculate the remainder when 599 is divided by 476.
123
Calculate the remainder when 136 is divided by 70.
66
What is the remainder when 384 is divided by 131?
122
Calculate the remainder when 167 is divided by 70.
27
What is the remainder when 34 is divided by 19?
15
What is the remainder when 3345 is divided by 73?
60
Calculate the remainder when 753 is divided by 95.
88
What is the remainder when 645 is divided by 11?
7
What is the remainder when 75 is divided by 28?
19
What is the remainder when 2346 is divided by 774?
24
What is the remainder when 856 is divided by 38?
20
Calculate the remainder when 67 is divided by 62.
5
What is the remainder when 1907 is divided by 147?
143
Calculate the remainder when 197 is divided by 17.
10
Calculate the remainder when 3698 is divided by 10.
8
What is the remainder when 8577 is divided by 33?
30
What is the remainder when 425 is divided by 24?
17
Calculate the remainder when 359 is divided by 76.
55
Calculate the remainder when 324 is divided by 82.
78
Calculate the remainder when 64 is divided by 60.
4
What is the remainder when 1182 is divided by 29?
22
Calculate the remainder when 1068 is divided by 298.
174
What is the remainder when 35602 is divided by 9?
7
What is the remainder when 7556 is divided by 84?
80
Calculate the remainder when 72 is divided by 21.
9
What is the remainder when 2362 is divided by 43?
40
What is the remainder when 1114 is divided by 33?
25
What is the remainder when 22701 is divided by 7566?
3
What is the remainder when 161 is divided by 34?
25
Calculate the remainder when 758 is divided by 20.
18
What is the remainder when 164 is divided by 7?
3
What is the remainder when 204 is divided by 31?
18
What is the remainder when 419 is divided by 103?
7
Calculate the remainder when 145 is divided by 25.
20
Calculate the remainder when 30 is divided by 9.
3
Calculate the remainder when 53 is divided by 28.
25
What is the remainder when 94 is divided by 14?
10
Calculate the remainder when 15334 is divided by 313.
310
Calculate the remainder when 150 is divided by 64.
22
What is the remainder when 427 is divided by 10?
7
What is the remainder when 2948 is divided by 9?
5
What is the remainder when 8 is divided by 3?
2
What is the remainder when 1207 is divided by 261?
163
What is the remainder when 4124 is divided by 17?
10
What is the remainder when 153 is divided by 40?
33
Calculate the remainder when 29 is divided by 16.
13
Calculate the remainder when 65 is divided by 38.
27
What is the remainder when 981 is divided by 12?
9
Calculate the remainder when 2690 is divided by 23.
22
Calculate the remainder when 79 is divided by 62.
17
What is the remainder when 396 is divided by 80?
76
What is the remainder when 433 is divided by 428?
5
Calculate the remainder when 333 is divided by 18.
9
Calculate the remainder when 108 is divided by 96.
12
Calculate the remainder when 46 is divided by 1.
0
What is the remainder when 19 is divided by 7?
5
What is the remainder when 94 is divided by 7?
3
Calculate the remainder when 96 is divided by 78.
18
Calculate the remainder when 55 is divided by 5.
0
What is the remainder when 65 is divided by 6?
5
What is the remainder when 54 is divided by 8?
6
What is the remainder when 243 is divided by 37?
21
Calculate the remainder when 315 is divided by 51.
9
What is the remainder when 53503 is divided by 176?
175
What is the remainder when 157 is divided by 40?
37
What is the remainder when 3874 is divided by 968?
2
Calculate the remainder when 106 is divided by 54.
52
Calculate the remainder when 22327 is divided by 110.
107
What is the remainder when 256 is divided by 91?
74
Calculate the remainder when 192 is divided by 66.
60
What is the remainder when 386 is divided by 97?
95
What is the remainder when 1118 is divided by 20?
18
Calculate the remainder when 328 is divided by 55.
53
What is the remainder when 251 is divided by 51?
47
What is the remainder when 413 is divided by 52?
49
Calculate the remainder when 644 is divided by 18.
14
What is the remainder when 480 is divided by 81?
75
Calculate the remainder when 1452 is divided by 15.
12
Calculate the remainder when 167 is divided by 92.
75
What is the remainder when 5954 is divided by 51?
38
Calculate the remainder when 25 is divided by 7.
4
Calculate the remainder when 2557 is divided by 16.
13
Calculate the remainder when 271 is divided by 81.
28
What is the remainder when 207 is divided by 21?
18
Calculate the remainder when 258 is divided by 20.
18
Calculate the remainder when 759 is divided by 504.
255
Calculate the remainder when 2519 is divided by 8.
7
Calculate the remainder when 60 is divided by 33.
27
Calculate the remainder when 93 is divided by 24.
21
Calculate the remainder when 426 is divided by 59.
13
Calculate the remainder when 631 is divided by 54.
37
Calculate the remainder when 33 is divided by 19.
14
Calculate the remainder when 24756 is divided by 27.
24
Calculate the remainder when 986 is divided by 31.
25
Calculate the remainder when 390 is divided by 54.
12
What is the remainder when 1141 is divided by 13?
10
What is the remainder when 50 is divided by 8?
2
What is the remainder when 229 is divided by 29?
26
What is the remainder when 1140 is divided 